{"id":6742,"date":"2024-11-20T11:11:18","date_gmt":"2024-11-20T16:11:18","guid":{"rendered":"https:\/\/cosmenales.com\/sitio\/?post_type=product&#038;p=6742"},"modified":"2026-03-02T14:56:29","modified_gmt":"2026-03-02T19:56:29","slug":"kerasil-vitaltime-crema-para-alisado-x-5-unidades-caja","status":"publish","type":"product","link":"https:\/\/cosmenales.com\/sitio\/producto\/kerasil-vitaltime-crema-para-alisado-x-5-unidades-caja\/","title":{"rendered":"KERASIL VITALTIME crema para alisado X 5 unidades caja"},"content":{"rendered":"<p>Est\u00e1 desarrollada para reducir el frizz, el volumen del cabello y de \u00e9sta manera proporcionar un liso perfecto. \u00c9ste producto se activa con el calor, es por esto, que su f\u00f3rmula ofrece protecci\u00f3n contra el calor extremo, reduciendo radicalmente los efectos da\u00f1inos de los secadores y las planchas. Contiene Keratina y sericina cuyos efectos son ampliamente reconocidos como agentes de Reparaci\u00f3n, fortalecimiento y protecci\u00f3n de la Fibra capilar, disminuyendo sustancialmente el da\u00f1o del cabello. Por su contenido de Aceite de arg\u00e1n brinda un efecto hidratante, aportando acondicionamiento, suavidad y brillo. Est\u00e1 recomendada para todos los tipos de cabellos.<\/p>\n<h6>MODO DE USO:<\/h6>\n<p>Es recomendable que antes de iniciar la aplicaci\u00f3n, se efect\u00fae una prueba de sensibilidad al producto. Esta consiste en colocar una peque\u00f1a cantidad de crema en el antebrazo o en la parte superior de la frente, si despu\u00e9s de 15 a 20 minutos no ha presentado hinchaz\u00f3n o enrojecimiento, se puede proceder a la aplicaci\u00f3n del producto.\u00a0<strong>1<\/strong>. Lavar el cabello con un shampoo sin sal. \/\u00a0<strong>2<\/strong>. Enjuagar. \/\u00a0<strong>3<\/strong>. Remover el exceso de agua con toalla. \/\u00a0<strong>4<\/strong>. Aplicar el producto de ra\u00edces a puntas, sin tocar el cuero cabelludo. \/\u00a0<strong>5<\/strong>. Dejar el producto aplicado en el cabello por 20 minutos. \/ <strong>6<\/strong>. Peinar para retirar el exceso de producto y secar con un secador. \/\u00a0<strong>7<\/strong>. Planchar cada mech\u00f3n de 5 a 7 veces, de ra\u00edces a puntas; manteniendo una temperatura de 200\u00b0c, evite las temperatura mayores de 210\u00b0c. \/ <strong>8<\/strong>. Despu\u00e9s del plachado, esperar de 5 a 10 a que la temperatura del cabello baje para seguir con el proceso. \/\u00a0<strong>9<\/strong>. Lavar el cabello solo con agua, aplicar el acondicionador, deje actuar de 3 a 5 minutos, luego enjuague. \/<strong>\u00a010<\/strong>. Seque el cabello con secador.<\/p>\n<h6>ADVERTENCIAS Y PRECAUCIONES:<\/h6>\n<p>Usar guantes durante su aplicaci\u00f3n. Evite el contacto con los oojos y la piel; si el producto entra en contacto con los ojos, lavar con abundante agua y consultar con un m\u00e9dico. No aplicar sobre mucosas y piel irritada; aplicar el producto sin tocar el cuero cabelludo, si observa una reacci\u00f3n desfavorable, suspenda su uso. Mant\u00e9ngase fuera del alcance de ni\u00f1os y mascotas, en cabellos te\u00f1idos o tinturados puede cambiar la intensidad\u00a0 en el color del cabello, esto quiere decir, que es posible una decoloraci\u00f3n, que puede resultar m\u00e1s intensa los colores rojizos. Se recomienda el uso de este producto antes de una aplicaci\u00f3n de tintura. Los resultados de este producto puede durar hasta 60 d\u00edas, siempre y cuando sea aplicado de forma correcta. Es normal que durante su aplicaci\u00f3n y con el pomsterior uso de secador o planchas se generen vapores, producto de la humedad en el cabello; se recomienda aplicarlo en un are\u00e1 con buena ventilici\u00f3n, evite sitios cerrados. Mant\u00e9ngase en un lugar fresco y seco.<\/p>\n","protected":false},"excerpt":{"rendered":"<p>Est\u00e1 desarrollada para reducir el frizz, el volumen del cabello y de \u00e9sta manera proporcionar un liso perfecto. \u00c9ste producto se activa con el calor, es por esto, que su f\u00f3rmula ofrece protecci\u00f3n contra el calor extremo, reduciendo radicalmente los efectos da\u00f1inos de los secadores y las planchas. Contiene Keratina y sericina cuyos efectos son [&hellip;]<\/p>\n","protected":false},"featured_media":5755,"template":"","meta":{"_uag_custom_page_level_css":"","site-sidebar-layout":"default","site-content-layout":"","ast-site-content-layout":"default","site-content-style":"default","site-sidebar-style":"default","ast-global-header-display":"","ast-banner-title-visibility":"","ast-main-header-display":"","ast-hfb-above-header-display":"","ast-hfb-below-header-display":"","ast-hfb-mobile-header-display":"","site-post-title":"","ast-breadcrumbs-content":"","ast-featured-img":"","footer-sml-layout":"","ast-disable-related-posts":"","theme-transparent-header-meta":"default","adv-header-id-meta":"","stick-header-meta":"","header-above-stick-meta":"","header-main-stick-meta":"","header-below-stick-meta":"","astra-migrate-meta-layouts":"set","ast-page-background-enabled":"default","ast-page-background-meta":{"desktop":{"background-color":"","background-image":"","background-repeat":"repeat","background-position":"center center","background-size":"auto","background-attachment":"scroll","background-type":"","background-media":"","overlay-type":"","overlay-color":"","overlay-opacity":"","overlay-gradient":""},"tablet":{"background-color":"","background-image":"","background-repeat":"repeat","background-position":"center center","background-size":"auto","background-attachment":"scroll","background-type":"","background-media":"","overlay-type":"","overlay-color":"","overlay-opacity":"","overlay-gradient":""},"mobile":{"background-color":"","background-image":"","background-repeat":"repeat","background-position":"center center","background-size":"auto","background-attachment":"scroll","background-type":"","background-media":"","overlay-type":"","overlay-color":"","overlay-opacity":"","overlay-gradient":""}},"ast-content-background-meta":{"desktop":{"background-color":"var(--ast-global-color-5)","background-image":"","background-repeat":"repeat","background-position":"center center","background-size":"auto","background-attachment":"scroll","background-type":"","background-media":"","overlay-type":"","overlay-color":"","overlay-opacity":"","overlay-gradient":""},"tablet":{"background-color":"var(--ast-global-color-5)","background-image":"","background-repeat":"repeat","background-position":"center center","background-size":"auto","background-attachment":"scroll","background-type":"","background-media":"","overlay-type":"","overlay-color":"","overlay-opacity":"","overlay-gradient":""},"mobile":{"background-color":"var(--ast-global-color-5)","background-image":"","background-repeat":"repeat","background-position":"center center","background-size":"auto","background-attachment":"scroll","background-type":"","background-media":"","overlay-type":"","overlay-color":"","overlay-opacity":"","overlay-gradient":""}}},"pwb-brand":[],"product_brand":[],"product_cat":[19,72,86,28],"product_tag":[],"class_list":{"0":"post-6742","1":"product","2":"type-product","3":"status-publish","4":"has-post-thumbnail","6":"product_cat-1-cabello","7":"product_cat-kerasil","8":"product_cat-kerasil-rebajado","9":"product_cat-vital-time","10":"desktop-align-center","11":"tablet-align-left","12":"mobile-align-left","14":"first","15":"instock","16":"virtual","17":"taxable","18":"purchasable","19":"product-type-simple"},"yoast_head":"<!-- This site is optimized with the Yoast SEO plugin v27.4 - https:\/\/yoast.com\/product\/yoast-seo-wordpress\/ -->\n<title>KERASIL VITALTIME crema para alisado X 5 unidades caja - Cosmenales Laboratorio de Cosm\u00e9ticos Internacionales<\/title>\n<meta name=\"robots\" content=\"index, follow, max-snippet:-1, max-image-preview:large, max-video-preview:-1\" \/>\n<link rel=\"canonical\" href=\"https:\/\/cosmenales.com\/sitio\/producto\/kerasil-vitaltime-crema-para-alisado-x-5-unidades-caja\/\" \/>\n<meta property=\"og:locale\" content=\"es_ES\" \/>\n<meta property=\"og:type\" content=\"article\" \/>\n<meta property=\"og:title\" content=\"KERASIL VITALTIME crema para alisado X 5 unidades caja - Cosmenales Laboratorio de Cosm\u00e9ticos Internacionales\" \/>\n<meta property=\"og:description\" content=\"Est\u00e1 desarrollada para reducir el frizz, el volumen del cabello y de \u00e9sta manera proporcionar un liso perfecto. \u00c9ste producto se activa con el calor, es por esto, que su f\u00f3rmula ofrece protecci\u00f3n contra el calor extremo, reduciendo radicalmente los efectos da\u00f1inos de los secadores y las planchas. Contiene Keratina y sericina cuyos efectos son [&hellip;]\" \/>\n<meta property=\"og:url\" content=\"https:\/\/cosmenales.com\/sitio\/producto\/kerasil-vitaltime-crema-para-alisado-x-5-unidades-caja\/\" \/>\n<meta property=\"og:site_name\" content=\"Cosmenales Laboratorio de Cosm\u00e9ticos Internacionales\" \/>\n<meta property=\"article:modified_time\" content=\"2026-03-02T19:56:29+00:00\" \/>\n<meta property=\"og:image\" content=\"https:\/\/cosmenales.com\/sitio\/wp-content\/uploads\/2023\/02\/Kerasil-5.-unds.png\" \/>\n\t<meta property=\"og:image:width\" content=\"1080\" \/>\n\t<meta property=\"og:image:height\" content=\"1080\" \/>\n\t<meta property=\"og:image:type\" content=\"image\/png\" \/>\n<meta name=\"twitter:card\" content=\"summary_large_image\" \/>\n<meta name=\"twitter:label1\" content=\"Tiempo de lectura\" \/>\n\t<meta name=\"twitter:data1\" content=\"3 minutos\" \/>\n<script type=\"application\/ld+json\" class=\"yoast-schema-graph\">{\"@context\":\"https:\\\/\\\/schema.org\",\"@graph\":[{\"@type\":\"WebPage\",\"@id\":\"https:\\\/\\\/cosmenales.com\\\/sitio\\\/producto\\\/kerasil-vitaltime-crema-para-alisado-x-5-unidades-caja\\\/\",\"url\":\"https:\\\/\\\/cosmenales.com\\\/sitio\\\/producto\\\/kerasil-vitaltime-crema-para-alisado-x-5-unidades-caja\\\/\",\"name\":\"KERASIL VITALTIME crema para alisado X 5 unidades caja - Cosmenales Laboratorio de Cosm\u00e9ticos Internacionales\",\"isPartOf\":{\"@id\":\"https:\\\/\\\/cosmenales.com\\\/sitio\\\/#website\"},\"primaryImageOfPage\":{\"@id\":\"https:\\\/\\\/cosmenales.com\\\/sitio\\\/producto\\\/kerasil-vitaltime-crema-para-alisado-x-5-unidades-caja\\\/#primaryimage\"},\"image\":{\"@id\":\"https:\\\/\\\/cosmenales.com\\\/sitio\\\/producto\\\/kerasil-vitaltime-crema-para-alisado-x-5-unidades-caja\\\/#primaryimage\"},\"thumbnailUrl\":\"https:\\\/\\\/cosmenales.com\\\/sitio\\\/wp-content\\\/uploads\\\/2023\\\/02\\\/Kerasil-5.-unds.png\",\"datePublished\":\"2024-11-20T16:11:18+00:00\",\"dateModified\":\"2026-03-02T19:56:29+00:00\",\"breadcrumb\":{\"@id\":\"https:\\\/\\\/cosmenales.com\\\/sitio\\\/producto\\\/kerasil-vitaltime-crema-para-alisado-x-5-unidades-caja\\\/#breadcrumb\"},\"inLanguage\":\"es\",\"potentialAction\":[{\"@type\":\"ReadAction\",\"target\":[\"https:\\\/\\\/cosmenales.com\\\/sitio\\\/producto\\\/kerasil-vitaltime-crema-para-alisado-x-5-unidades-caja\\\/\"]}]},{\"@type\":\"ImageObject\",\"inLanguage\":\"es\",\"@id\":\"https:\\\/\\\/cosmenales.com\\\/sitio\\\/producto\\\/kerasil-vitaltime-crema-para-alisado-x-5-unidades-caja\\\/#primaryimage\",\"url\":\"https:\\\/\\\/cosmenales.com\\\/sitio\\\/wp-content\\\/uploads\\\/2023\\\/02\\\/Kerasil-5.-unds.png\",\"contentUrl\":\"https:\\\/\\\/cosmenales.com\\\/sitio\\\/wp-content\\\/uploads\\\/2023\\\/02\\\/Kerasil-5.-unds.png\",\"width\":1080,\"height\":1080},{\"@type\":\"BreadcrumbList\",\"@id\":\"https:\\\/\\\/cosmenales.com\\\/sitio\\\/producto\\\/kerasil-vitaltime-crema-para-alisado-x-5-unidades-caja\\\/#breadcrumb\",\"itemListElement\":[{\"@type\":\"ListItem\",\"position\":1,\"name\":\"Portada\",\"item\":\"https:\\\/\\\/cosmenales.com\\\/sitio\\\/\"},{\"@type\":\"ListItem\",\"position\":2,\"name\":\"Tienda\",\"item\":\"https:\\\/\\\/cosmenales.com\\\/sitio\\\/shop\\\/\"},{\"@type\":\"ListItem\",\"position\":3,\"name\":\"KERASIL VITALTIME crema para alisado X 5 unidades caja\"}]},{\"@type\":\"WebSite\",\"@id\":\"https:\\\/\\\/cosmenales.com\\\/sitio\\\/#website\",\"url\":\"https:\\\/\\\/cosmenales.com\\\/sitio\\\/\",\"name\":\"Cosmenales Laboratorio de Cosm\u00e9ticos Internacionales\",\"description\":\"Empresa con 21 a\u00f1os de experiencia en la fabricaci\u00f3n y Comercializaci\u00f3n de Productos Cosm\u00e9ticos.\",\"publisher\":{\"@id\":\"https:\\\/\\\/cosmenales.com\\\/sitio\\\/#organization\"},\"alternateName\":\"cosmenales\",\"potentialAction\":[{\"@type\":\"SearchAction\",\"target\":{\"@type\":\"EntryPoint\",\"urlTemplate\":\"https:\\\/\\\/cosmenales.com\\\/sitio\\\/?s={search_term_string}\"},\"query-input\":{\"@type\":\"PropertyValueSpecification\",\"valueRequired\":true,\"valueName\":\"search_term_string\"}}],\"inLanguage\":\"es\"},{\"@type\":\"Organization\",\"@id\":\"https:\\\/\\\/cosmenales.com\\\/sitio\\\/#organization\",\"name\":\"Cosmenales Laboratorio de Cosm\u00e9ticos Internacionales\",\"url\":\"https:\\\/\\\/cosmenales.com\\\/sitio\\\/\",\"logo\":{\"@type\":\"ImageObject\",\"inLanguage\":\"es\",\"@id\":\"https:\\\/\\\/cosmenales.com\\\/sitio\\\/#\\\/schema\\\/logo\\\/image\\\/\",\"url\":\"https:\\\/\\\/cosmenales.com\\\/sitio\\\/wp-content\\\/uploads\\\/2026\\\/03\\\/cropped-logo-cosmenales-horizontal_Mesa-de-trabajo-1.png\",\"contentUrl\":\"https:\\\/\\\/cosmenales.com\\\/sitio\\\/wp-content\\\/uploads\\\/2026\\\/03\\\/cropped-logo-cosmenales-horizontal_Mesa-de-trabajo-1.png\",\"width\":375,\"height\":125,\"caption\":\"Cosmenales Laboratorio de Cosm\u00e9ticos Internacionales\"},\"image\":{\"@id\":\"https:\\\/\\\/cosmenales.com\\\/sitio\\\/#\\\/schema\\\/logo\\\/image\\\/\"}}]}<\/script>\n<!-- \/ Yoast SEO plugin. -->","yoast_head_json":{"title":"KERASIL VITALTIME crema para alisado X 5 unidades caja - Cosmenales Laboratorio de Cosm\u00e9ticos Internacionales","robots":{"index":"index","follow":"follow","max-snippet":"max-snippet:-1","max-image-preview":"max-image-preview:large","max-video-preview":"max-video-preview:-1"},"canonical":"https:\/\/cosmenales.com\/sitio\/producto\/kerasil-vitaltime-crema-para-alisado-x-5-unidades-caja\/","og_locale":"es_ES","og_type":"article","og_title":"KERASIL VITALTIME crema para alisado X 5 unidades caja - Cosmenales Laboratorio de Cosm\u00e9ticos Internacionales","og_description":"Est\u00e1 desarrollada para reducir el frizz, el volumen del cabello y de \u00e9sta manera proporcionar un liso perfecto. \u00c9ste producto se activa con el calor, es por esto, que su f\u00f3rmula ofrece protecci\u00f3n contra el calor extremo, reduciendo radicalmente los efectos da\u00f1inos de los secadores y las planchas. Contiene Keratina y sericina cuyos efectos son [&hellip;]","og_url":"https:\/\/cosmenales.com\/sitio\/producto\/kerasil-vitaltime-crema-para-alisado-x-5-unidades-caja\/","og_site_name":"Cosmenales Laboratorio de Cosm\u00e9ticos Internacionales","article_modified_time":"2026-03-02T19:56:29+00:00","og_image":[{"width":1080,"height":1080,"url":"https:\/\/cosmenales.com\/sitio\/wp-content\/uploads\/2023\/02\/Kerasil-5.-unds.png","type":"image\/png"}],"twitter_card":"summary_large_image","twitter_misc":{"Tiempo de lectura":"3 minutos"},"schema":{"@context":"https:\/\/schema.org","@graph":[{"@type":"WebPage","@id":"https:\/\/cosmenales.com\/sitio\/producto\/kerasil-vitaltime-crema-para-alisado-x-5-unidades-caja\/","url":"https:\/\/cosmenales.com\/sitio\/producto\/kerasil-vitaltime-crema-para-alisado-x-5-unidades-caja\/","name":"KERASIL VITALTIME crema para alisado X 5 unidades caja - Cosmenales Laboratorio de Cosm\u00e9ticos Internacionales","isPartOf":{"@id":"https:\/\/cosmenales.com\/sitio\/#website"},"primaryImageOfPage":{"@id":"https:\/\/cosmenales.com\/sitio\/producto\/kerasil-vitaltime-crema-para-alisado-x-5-unidades-caja\/#primaryimage"},"image":{"@id":"https:\/\/cosmenales.com\/sitio\/producto\/kerasil-vitaltime-crema-para-alisado-x-5-unidades-caja\/#primaryimage"},"thumbnailUrl":"https:\/\/cosmenales.com\/sitio\/wp-content\/uploads\/2023\/02\/Kerasil-5.-unds.png","datePublished":"2024-11-20T16:11:18+00:00","dateModified":"2026-03-02T19:56:29+00:00","breadcrumb":{"@id":"https:\/\/cosmenales.com\/sitio\/producto\/kerasil-vitaltime-crema-para-alisado-x-5-unidades-caja\/#breadcrumb"},"inLanguage":"es","potentialAction":[{"@type":"ReadAction","target":["https:\/\/cosmenales.com\/sitio\/producto\/kerasil-vitaltime-crema-para-alisado-x-5-unidades-caja\/"]}]},{"@type":"ImageObject","inLanguage":"es","@id":"https:\/\/cosmenales.com\/sitio\/producto\/kerasil-vitaltime-crema-para-alisado-x-5-unidades-caja\/#primaryimage","url":"https:\/\/cosmenales.com\/sitio\/wp-content\/uploads\/2023\/02\/Kerasil-5.-unds.png","contentUrl":"https:\/\/cosmenales.com\/sitio\/wp-content\/uploads\/2023\/02\/Kerasil-5.-unds.png","width":1080,"height":1080},{"@type":"BreadcrumbList","@id":"https:\/\/cosmenales.com\/sitio\/producto\/kerasil-vitaltime-crema-para-alisado-x-5-unidades-caja\/#breadcrumb","itemListElement":[{"@type":"ListItem","position":1,"name":"Portada","item":"https:\/\/cosmenales.com\/sitio\/"},{"@type":"ListItem","position":2,"name":"Tienda","item":"https:\/\/cosmenales.com\/sitio\/shop\/"},{"@type":"ListItem","position":3,"name":"KERASIL VITALTIME crema para alisado X 5 unidades caja"}]},{"@type":"WebSite","@id":"https:\/\/cosmenales.com\/sitio\/#website","url":"https:\/\/cosmenales.com\/sitio\/","name":"Cosmenales Laboratorio de Cosm\u00e9ticos Internacionales","description":"Empresa con 21 a\u00f1os de experiencia en la fabricaci\u00f3n y Comercializaci\u00f3n de Productos Cosm\u00e9ticos.","publisher":{"@id":"https:\/\/cosmenales.com\/sitio\/#organization"},"alternateName":"cosmenales","potentialAction":[{"@type":"SearchAction","target":{"@type":"EntryPoint","urlTemplate":"https:\/\/cosmenales.com\/sitio\/?s={search_term_string}"},"query-input":{"@type":"PropertyValueSpecification","valueRequired":true,"valueName":"search_term_string"}}],"inLanguage":"es"},{"@type":"Organization","@id":"https:\/\/cosmenales.com\/sitio\/#organization","name":"Cosmenales Laboratorio de Cosm\u00e9ticos Internacionales","url":"https:\/\/cosmenales.com\/sitio\/","logo":{"@type":"ImageObject","inLanguage":"es","@id":"https:\/\/cosmenales.com\/sitio\/#\/schema\/logo\/image\/","url":"https:\/\/cosmenales.com\/sitio\/wp-content\/uploads\/2026\/03\/cropped-logo-cosmenales-horizontal_Mesa-de-trabajo-1.png","contentUrl":"https:\/\/cosmenales.com\/sitio\/wp-content\/uploads\/2026\/03\/cropped-logo-cosmenales-horizontal_Mesa-de-trabajo-1.png","width":375,"height":125,"caption":"Cosmenales Laboratorio de Cosm\u00e9ticos Internacionales"},"image":{"@id":"https:\/\/cosmenales.com\/sitio\/#\/schema\/logo\/image\/"}}]}},"uagb_featured_image_src":{"full":["https:\/\/cosmenales.com\/sitio\/wp-content\/uploads\/2023\/02\/Kerasil-5.-unds.png",1080,1080,false],"thumbnail":["https:\/\/cosmenales.com\/sitio\/wp-content\/uploads\/2023\/02\/Kerasil-5.-unds-150x150.png",150,150,true],"medium":["https:\/\/cosmenales.com\/sitio\/wp-content\/uploads\/2023\/02\/Kerasil-5.-unds-300x300.png",300,300,true],"medium_large":["https:\/\/cosmenales.com\/sitio\/wp-content\/uploads\/2023\/02\/Kerasil-5.-unds-768x768.png",768,768,true],"large":["https:\/\/cosmenales.com\/sitio\/wp-content\/uploads\/2023\/02\/Kerasil-5.-unds-1024x1024.png",1024,1024,true],"1536x1536":["https:\/\/cosmenales.com\/sitio\/wp-content\/uploads\/2023\/02\/Kerasil-5.-unds.png",1080,1080,false],"2048x2048":["https:\/\/cosmenales.com\/sitio\/wp-content\/uploads\/2023\/02\/Kerasil-5.-unds.png",1080,1080,false],"woocommerce_thumbnail":["https:\/\/cosmenales.com\/sitio\/wp-content\/uploads\/2023\/02\/Kerasil-5.-unds-300x225.png",300,225,true],"woocommerce_single":["https:\/\/cosmenales.com\/sitio\/wp-content\/uploads\/2023\/02\/Kerasil-5.-unds-600x600.png",600,600,true],"woocommerce_gallery_thumbnail":["https:\/\/cosmenales.com\/sitio\/wp-content\/uploads\/2023\/02\/Kerasil-5.-unds-100x100.png",100,100,true],"variation_swatches_image_size":["https:\/\/cosmenales.com\/sitio\/wp-content\/uploads\/2023\/02\/Kerasil-5.-unds-50x50.png",50,50,true],"variation_swatches_tooltip_size":["https:\/\/cosmenales.com\/sitio\/wp-content\/uploads\/2023\/02\/Kerasil-5.-unds-100x100.png",100,100,true]},"uagb_author_info":{"display_name":"ecommerce","author_link":"https:\/\/cosmenales.com\/sitio\/author\/"},"uagb_comment_info":0,"uagb_excerpt":"Est\u00e1 desarrollada para reducir el frizz, el volumen del cabello y de \u00e9sta manera proporcionar un liso perfecto. \u00c9ste producto se activa con el calor, es por esto, que su f\u00f3rmula ofrece protecci\u00f3n contra el calor extremo, reduciendo radicalmente los efectos da\u00f1inos de los secadores y las planchas. Contiene Keratina y sericina cuyos efectos son&hellip;","jetpack_sharing_enabled":true,"brands":[],"publishpress_future_workflow_manual_trigger":{"enabledWorkflows":[]},"_links":{"self":[{"href":"https:\/\/cosmenales.com\/sitio\/wp-json\/wp\/v2\/product\/6742","targetHints":{"allow":["GET"]}}],"collection":[{"href":"https:\/\/cosmenales.com\/sitio\/wp-json\/wp\/v2\/product"}],"about":[{"href":"https:\/\/cosmenales.com\/sitio\/wp-json\/wp\/v2\/types\/product"}],"wp:featuredmedia":[{"embeddable":true,"href":"https:\/\/cosmenales.com\/sitio\/wp-json\/wp\/v2\/media\/5755"}],"wp:attachment":[{"href":"https:\/\/cosmenales.com\/sitio\/wp-json\/wp\/v2\/media?parent=6742"}],"wp:term":[{"taxonomy":"pwb-brand","embeddable":true,"href":"https:\/\/cosmenales.com\/sitio\/wp-json\/wp\/v2\/pwb-brand?post=6742"},{"taxonomy":"product_brand","embeddable":true,"href":"https:\/\/cosmenales.com\/sitio\/wp-json\/wp\/v2\/product_brand?post=6742"},{"taxonomy":"product_cat","embeddable":true,"href":"https:\/\/cosmenales.com\/sitio\/wp-json\/wp\/v2\/product_cat?post=6742"},{"taxonomy":"product_tag","embeddable":true,"href":"https:\/\/cosmenales.com\/sitio\/wp-json\/wp\/v2\/product_tag?post=6742"}],"curies":[{"name":"wp","href":"https:\/\/api.w.org\/{rel}","templated":true}]}}