{"id":7301,"date":"2025-11-25T09:31:40","date_gmt":"2025-11-25T14:31:40","guid":{"rendered":"https:\/\/cosmenales.com\/sitio\/?post_type=product&#038;p=7301"},"modified":"2026-03-02T07:32:52","modified_gmt":"2026-03-02T12:32:52","slug":"fijador-capilar-en-spray-con-pentanol","status":"publish","type":"product","link":"https:\/\/cosmenales.com\/sitio\/producto\/fijador-capilar-en-spray-con-pentanol\/","title":{"rendered":"FIJADOR CAPILAR EN SPRAY CON PENTANOL"},"content":{"rendered":"<h2 data-start=\"176\" data-end=\"241\"><strong data-start=\"181\" data-end=\"239\">Fijador Profesional Extrafuerte HOM For Men \u2013 Fijaci\u00f3n 03<\/strong><\/h2>\n<p data-start=\"242\" data-end=\"300\"><strong data-start=\"242\" data-end=\"300\">120 ml | Con Pantenol | Brillo natural | Secado r\u00e1pido<\/strong><\/p>\n<p data-start=\"302\" data-end=\"546\">\u00a1Dale poder, firmeza y estilo a tu look durante todo el d\u00eda!<br data-start=\"362\" data-end=\"365\" \/>Nuestra <strong data-start=\"373\" data-end=\"417\">Laca Profesional Extrafuerte HOM For Men<\/strong> est\u00e1 desarrollada para quienes necesitan una <strong data-start=\"463\" data-end=\"486\">fijaci\u00f3n resistente<\/strong>, acabado limpio y una apariencia impecable en todo momento.<\/p>\n<h3 data-start=\"548\" data-end=\"579\"><strong data-start=\"554\" data-end=\"579\">Beneficios<\/strong><\/h3>\n<ul>\n<li data-start=\"582\" data-end=\"686\"><strong data-start=\"582\" data-end=\"618\">Fijaci\u00f3n extrafuerte (Nivel 03):<\/strong> ideal para peinados definidos, estructurados y de larga duraci\u00f3n.<\/li>\n<li data-start=\"689\" data-end=\"785\"><strong data-start=\"689\" data-end=\"706\">Con Pantenol:<\/strong> fortalece, revitaliza y protege el cabello mientras lo mantiene en su lugar.<\/li>\n<li data-start=\"788\" data-end=\"839\"><strong data-start=\"788\" data-end=\"806\">Secado r\u00e1pido:<\/strong> controla y define sin esperar.<\/li>\n<li data-start=\"842\" data-end=\"909\"><strong data-start=\"842\" data-end=\"861\">Brillo natural:<\/strong> acabado profesional sin sensaci\u00f3n acartonada.<\/li>\n<li data-start=\"912\" data-end=\"961\"><strong data-start=\"912\" data-end=\"929\">Sin residuos:<\/strong> look limpio, fresco y duradero.<\/li>\n<\/ul>\n<h3 data-start=\"963\" data-end=\"984\"><strong data-start=\"969\" data-end=\"984\">Modo de uso<\/strong><\/h3>\n<p data-start=\"985\" data-end=\"1108\">Roc\u00eda el producto en forma vertical a una distancia aproximada de <strong data-start=\"1051\" data-end=\"1060\">30 cm<\/strong> para obtener un acabado uniforme y profesional.<\/p>\n<h3 data-start=\"1110\" data-end=\"1132\"><strong data-start=\"1116\" data-end=\"1132\">Advertencias<\/strong><\/h3>\n<p data-start=\"1133\" data-end=\"1291\">Uso externo. Evita el contacto con los ojos. No ingerir. Mantener fuera del alcance de ni\u00f1os y mascotas. Producto inflamable: no usar cerca del fuego o llama.<\/p>\n<hr data-start=\"1293\" data-end=\"1296\" \/>\n<h5 data-start=\"1298\" data-end=\"1395\"><strong data-start=\"1304\" data-end=\"1393\">Ideal para hombres que quieren estilo, firmeza y una presencia impecable todo el d\u00eda.<\/strong><\/h5>\n<p data-start=\"1396\" data-end=\"1431\">\u00a1Luce confianza en cada movimiento!<\/p>\n","protected":false},"excerpt":{"rendered":"<p>Fijador Profesional Extrafuerte HOM For Men \u2013 Fijaci\u00f3n 03 120 ml | Con Pantenol | Brillo natural | Secado r\u00e1pido \u00a1Dale poder, firmeza y estilo a tu look durante todo el d\u00eda!Nuestra Laca Profesional Extrafuerte HOM For Men est\u00e1 desarrollada para quienes necesitan una fijaci\u00f3n resistente, acabado limpio y una apariencia impecable en todo momento. [&hellip;]<\/p>\n","protected":false},"featured_media":7304,"template":"","meta":{"_uag_custom_page_level_css":"","site-sidebar-layout":"default","site-content-layout":"","ast-site-content-layout":"default","site-content-style":"default","site-sidebar-style":"default","ast-global-header-display":"","ast-banner-title-visibility":"","ast-main-header-display":"","ast-hfb-above-header-display":"","ast-hfb-below-header-display":"","ast-hfb-mobile-header-display":"","site-post-title":"","ast-breadcrumbs-content":"","ast-featured-img":"","footer-sml-layout":"","ast-disable-related-posts":"","theme-transparent-header-meta":"default","adv-header-id-meta":"","stick-header-meta":"","header-above-stick-meta":"","header-main-stick-meta":"","header-below-stick-meta":"","astra-migrate-meta-layouts":"set","ast-page-background-enabled":"default","ast-page-background-meta":{"desktop":{"background-color":"","background-image":"","background-repeat":"repeat","background-position":"center center","background-size":"auto","background-attachment":"scroll","background-type":"","background-media":"","overlay-type":"","overlay-color":"","overlay-opacity":"","overlay-gradient":""},"tablet":{"background-color":"","background-image":"","background-repeat":"repeat","background-position":"center center","background-size":"auto","background-attachment":"scroll","background-type":"","background-media":"","overlay-type":"","overlay-color":"","overlay-opacity":"","overlay-gradient":""},"mobile":{"background-color":"","background-image":"","background-repeat":"repeat","background-position":"center center","background-size":"auto","background-attachment":"scroll","background-type":"","background-media":"","overlay-type":"","overlay-color":"","overlay-opacity":"","overlay-gradient":""}},"ast-content-background-meta":{"desktop":{"background-color":"var(--ast-global-color-5)","background-image":"","background-repeat":"repeat","background-position":"center center","background-size":"auto","background-attachment":"scroll","background-type":"","background-media":"","overlay-type":"","overlay-color":"","overlay-opacity":"","overlay-gradient":""},"tablet":{"background-color":"var(--ast-global-color-5)","background-image":"","background-repeat":"repeat","background-position":"center center","background-size":"auto","background-attachment":"scroll","background-type":"","background-media":"","overlay-type":"","overlay-color":"","overlay-opacity":"","overlay-gradient":""},"mobile":{"background-color":"var(--ast-global-color-5)","background-image":"","background-repeat":"repeat","background-position":"center center","background-size":"auto","background-attachment":"scroll","background-type":"","background-media":"","overlay-type":"","overlay-color":"","overlay-opacity":"","overlay-gradient":""}}},"pwb-brand":[],"product_brand":[],"product_cat":[23,19,22,29],"product_tag":[],"class_list":{"0":"post-7301","1":"product","2":"type-product","3":"status-publish","4":"has-post-thumbnail","6":"product_cat-3-bioseguridad","7":"product_cat-1-cabello","8":"product_cat-2-fijadores","9":"product_cat-hom-for-men","10":"desktop-align-center","11":"tablet-align-left","12":"mobile-align-left","14":"first","15":"instock","16":"virtual","17":"taxable","18":"purchasable","19":"product-type-simple"},"yoast_head":"<!-- This site is optimized with the Yoast SEO plugin v27.4 - https:\/\/yoast.com\/product\/yoast-seo-wordpress\/ -->\n<title>FIJADOR CAPILAR EN SPRAY CON PENTANOL - Cosmenales Laboratorio de Cosm\u00e9ticos Internacionales<\/title>\n<meta name=\"robots\" content=\"index, follow, max-snippet:-1, max-image-preview:large, max-video-preview:-1\" \/>\n<link rel=\"canonical\" href=\"https:\/\/cosmenales.com\/sitio\/producto\/fijador-capilar-en-spray-con-pentanol\/\" \/>\n<meta property=\"og:locale\" content=\"es_ES\" \/>\n<meta property=\"og:type\" content=\"article\" \/>\n<meta property=\"og:title\" content=\"FIJADOR CAPILAR EN SPRAY CON PENTANOL - Cosmenales Laboratorio de Cosm\u00e9ticos Internacionales\" \/>\n<meta property=\"og:description\" content=\"Fijador Profesional Extrafuerte HOM For Men \u2013 Fijaci\u00f3n 03 120 ml | Con Pantenol | Brillo natural | Secado r\u00e1pido \u00a1Dale poder, firmeza y estilo a tu look durante todo el d\u00eda!Nuestra Laca Profesional Extrafuerte HOM For Men est\u00e1 desarrollada para quienes necesitan una fijaci\u00f3n resistente, acabado limpio y una apariencia impecable en todo momento. [&hellip;]\" \/>\n<meta property=\"og:url\" content=\"https:\/\/cosmenales.com\/sitio\/producto\/fijador-capilar-en-spray-con-pentanol\/\" \/>\n<meta property=\"og:site_name\" content=\"Cosmenales Laboratorio de Cosm\u00e9ticos Internacionales\" \/>\n<meta property=\"article:modified_time\" content=\"2026-03-02T12:32:52+00:00\" \/>\n<meta property=\"og:image\" content=\"https:\/\/cosmenales.com\/sitio\/wp-content\/uploads\/2025\/11\/laca-negra-hombre-nuevo-scaled.png\" \/>\n\t<meta property=\"og:image:width\" content=\"1707\" \/>\n\t<meta property=\"og:image:height\" content=\"2560\" \/>\n\t<meta property=\"og:image:type\" content=\"image\/png\" \/>\n<meta name=\"twitter:card\" content=\"summary_large_image\" \/>\n<meta name=\"twitter:label1\" content=\"Tiempo de lectura\" \/>\n\t<meta name=\"twitter:data1\" content=\"1 minuto\" \/>\n<script type=\"application\/ld+json\" class=\"yoast-schema-graph\">{\"@context\":\"https:\\\/\\\/schema.org\",\"@graph\":[{\"@type\":\"WebPage\",\"@id\":\"https:\\\/\\\/cosmenales.com\\\/sitio\\\/producto\\\/fijador-capilar-en-spray-con-pentanol\\\/\",\"url\":\"https:\\\/\\\/cosmenales.com\\\/sitio\\\/producto\\\/fijador-capilar-en-spray-con-pentanol\\\/\",\"name\":\"FIJADOR CAPILAR EN SPRAY CON PENTANOL - Cosmenales Laboratorio de Cosm\u00e9ticos Internacionales\",\"isPartOf\":{\"@id\":\"https:\\\/\\\/cosmenales.com\\\/sitio\\\/#website\"},\"primaryImageOfPage\":{\"@id\":\"https:\\\/\\\/cosmenales.com\\\/sitio\\\/producto\\\/fijador-capilar-en-spray-con-pentanol\\\/#primaryimage\"},\"image\":{\"@id\":\"https:\\\/\\\/cosmenales.com\\\/sitio\\\/producto\\\/fijador-capilar-en-spray-con-pentanol\\\/#primaryimage\"},\"thumbnailUrl\":\"https:\\\/\\\/cosmenales.com\\\/sitio\\\/wp-content\\\/uploads\\\/2025\\\/11\\\/laca-negra-hombre-nuevo-scaled.png\",\"datePublished\":\"2025-11-25T14:31:40+00:00\",\"dateModified\":\"2026-03-02T12:32:52+00:00\",\"breadcrumb\":{\"@id\":\"https:\\\/\\\/cosmenales.com\\\/sitio\\\/producto\\\/fijador-capilar-en-spray-con-pentanol\\\/#breadcrumb\"},\"inLanguage\":\"es\",\"potentialAction\":[{\"@type\":\"ReadAction\",\"target\":[\"https:\\\/\\\/cosmenales.com\\\/sitio\\\/producto\\\/fijador-capilar-en-spray-con-pentanol\\\/\"]}]},{\"@type\":\"ImageObject\",\"inLanguage\":\"es\",\"@id\":\"https:\\\/\\\/cosmenales.com\\\/sitio\\\/producto\\\/fijador-capilar-en-spray-con-pentanol\\\/#primaryimage\",\"url\":\"https:\\\/\\\/cosmenales.com\\\/sitio\\\/wp-content\\\/uploads\\\/2025\\\/11\\\/laca-negra-hombre-nuevo-scaled.png\",\"contentUrl\":\"https:\\\/\\\/cosmenales.com\\\/sitio\\\/wp-content\\\/uploads\\\/2025\\\/11\\\/laca-negra-hombre-nuevo-scaled.png\",\"width\":1707,\"height\":2560},{\"@type\":\"BreadcrumbList\",\"@id\":\"https:\\\/\\\/cosmenales.com\\\/sitio\\\/producto\\\/fijador-capilar-en-spray-con-pentanol\\\/#breadcrumb\",\"itemListElement\":[{\"@type\":\"ListItem\",\"position\":1,\"name\":\"Portada\",\"item\":\"https:\\\/\\\/cosmenales.com\\\/sitio\\\/\"},{\"@type\":\"ListItem\",\"position\":2,\"name\":\"Tienda\",\"item\":\"https:\\\/\\\/cosmenales.com\\\/sitio\\\/shop\\\/\"},{\"@type\":\"ListItem\",\"position\":3,\"name\":\"FIJADOR CAPILAR EN SPRAY CON PENTANOL\"}]},{\"@type\":\"WebSite\",\"@id\":\"https:\\\/\\\/cosmenales.com\\\/sitio\\\/#website\",\"url\":\"https:\\\/\\\/cosmenales.com\\\/sitio\\\/\",\"name\":\"Cosmenales Laboratorio de Cosm\u00e9ticos Internacionales\",\"description\":\"Empresa con 21 a\u00f1os de experiencia en la fabricaci\u00f3n y Comercializaci\u00f3n de Productos Cosm\u00e9ticos.\",\"publisher\":{\"@id\":\"https:\\\/\\\/cosmenales.com\\\/sitio\\\/#organization\"},\"alternateName\":\"cosmenales\",\"potentialAction\":[{\"@type\":\"SearchAction\",\"target\":{\"@type\":\"EntryPoint\",\"urlTemplate\":\"https:\\\/\\\/cosmenales.com\\\/sitio\\\/?s={search_term_string}\"},\"query-input\":{\"@type\":\"PropertyValueSpecification\",\"valueRequired\":true,\"valueName\":\"search_term_string\"}}],\"inLanguage\":\"es\"},{\"@type\":\"Organization\",\"@id\":\"https:\\\/\\\/cosmenales.com\\\/sitio\\\/#organization\",\"name\":\"Cosmenales Laboratorio de Cosm\u00e9ticos Internacionales\",\"url\":\"https:\\\/\\\/cosmenales.com\\\/sitio\\\/\",\"logo\":{\"@type\":\"ImageObject\",\"inLanguage\":\"es\",\"@id\":\"https:\\\/\\\/cosmenales.com\\\/sitio\\\/#\\\/schema\\\/logo\\\/image\\\/\",\"url\":\"https:\\\/\\\/cosmenales.com\\\/sitio\\\/wp-content\\\/uploads\\\/2026\\\/03\\\/cropped-logo-cosmenales-horizontal_Mesa-de-trabajo-1.png\",\"contentUrl\":\"https:\\\/\\\/cosmenales.com\\\/sitio\\\/wp-content\\\/uploads\\\/2026\\\/03\\\/cropped-logo-cosmenales-horizontal_Mesa-de-trabajo-1.png\",\"width\":375,\"height\":125,\"caption\":\"Cosmenales Laboratorio de Cosm\u00e9ticos Internacionales\"},\"image\":{\"@id\":\"https:\\\/\\\/cosmenales.com\\\/sitio\\\/#\\\/schema\\\/logo\\\/image\\\/\"}}]}<\/script>\n<!-- \/ Yoast SEO plugin. -->","yoast_head_json":{"title":"FIJADOR CAPILAR EN SPRAY CON PENTANOL - Cosmenales Laboratorio de Cosm\u00e9ticos Internacionales","robots":{"index":"index","follow":"follow","max-snippet":"max-snippet:-1","max-image-preview":"max-image-preview:large","max-video-preview":"max-video-preview:-1"},"canonical":"https:\/\/cosmenales.com\/sitio\/producto\/fijador-capilar-en-spray-con-pentanol\/","og_locale":"es_ES","og_type":"article","og_title":"FIJADOR CAPILAR EN SPRAY CON PENTANOL - Cosmenales Laboratorio de Cosm\u00e9ticos Internacionales","og_description":"Fijador Profesional Extrafuerte HOM For Men \u2013 Fijaci\u00f3n 03 120 ml | Con Pantenol | Brillo natural | Secado r\u00e1pido \u00a1Dale poder, firmeza y estilo a tu look durante todo el d\u00eda!Nuestra Laca Profesional Extrafuerte HOM For Men est\u00e1 desarrollada para quienes necesitan una fijaci\u00f3n resistente, acabado limpio y una apariencia impecable en todo momento. [&hellip;]","og_url":"https:\/\/cosmenales.com\/sitio\/producto\/fijador-capilar-en-spray-con-pentanol\/","og_site_name":"Cosmenales Laboratorio de Cosm\u00e9ticos Internacionales","article_modified_time":"2026-03-02T12:32:52+00:00","og_image":[{"width":1707,"height":2560,"url":"https:\/\/cosmenales.com\/sitio\/wp-content\/uploads\/2025\/11\/laca-negra-hombre-nuevo-scaled.png","type":"image\/png"}],"twitter_card":"summary_large_image","twitter_misc":{"Tiempo de lectura":"1 minuto"},"schema":{"@context":"https:\/\/schema.org","@graph":[{"@type":"WebPage","@id":"https:\/\/cosmenales.com\/sitio\/producto\/fijador-capilar-en-spray-con-pentanol\/","url":"https:\/\/cosmenales.com\/sitio\/producto\/fijador-capilar-en-spray-con-pentanol\/","name":"FIJADOR CAPILAR EN SPRAY CON PENTANOL - Cosmenales Laboratorio de Cosm\u00e9ticos Internacionales","isPartOf":{"@id":"https:\/\/cosmenales.com\/sitio\/#website"},"primaryImageOfPage":{"@id":"https:\/\/cosmenales.com\/sitio\/producto\/fijador-capilar-en-spray-con-pentanol\/#primaryimage"},"image":{"@id":"https:\/\/cosmenales.com\/sitio\/producto\/fijador-capilar-en-spray-con-pentanol\/#primaryimage"},"thumbnailUrl":"https:\/\/cosmenales.com\/sitio\/wp-content\/uploads\/2025\/11\/laca-negra-hombre-nuevo-scaled.png","datePublished":"2025-11-25T14:31:40+00:00","dateModified":"2026-03-02T12:32:52+00:00","breadcrumb":{"@id":"https:\/\/cosmenales.com\/sitio\/producto\/fijador-capilar-en-spray-con-pentanol\/#breadcrumb"},"inLanguage":"es","potentialAction":[{"@type":"ReadAction","target":["https:\/\/cosmenales.com\/sitio\/producto\/fijador-capilar-en-spray-con-pentanol\/"]}]},{"@type":"ImageObject","inLanguage":"es","@id":"https:\/\/cosmenales.com\/sitio\/producto\/fijador-capilar-en-spray-con-pentanol\/#primaryimage","url":"https:\/\/cosmenales.com\/sitio\/wp-content\/uploads\/2025\/11\/laca-negra-hombre-nuevo-scaled.png","contentUrl":"https:\/\/cosmenales.com\/sitio\/wp-content\/uploads\/2025\/11\/laca-negra-hombre-nuevo-scaled.png","width":1707,"height":2560},{"@type":"BreadcrumbList","@id":"https:\/\/cosmenales.com\/sitio\/producto\/fijador-capilar-en-spray-con-pentanol\/#breadcrumb","itemListElement":[{"@type":"ListItem","position":1,"name":"Portada","item":"https:\/\/cosmenales.com\/sitio\/"},{"@type":"ListItem","position":2,"name":"Tienda","item":"https:\/\/cosmenales.com\/sitio\/shop\/"},{"@type":"ListItem","position":3,"name":"FIJADOR CAPILAR EN SPRAY CON PENTANOL"}]},{"@type":"WebSite","@id":"https:\/\/cosmenales.com\/sitio\/#website","url":"https:\/\/cosmenales.com\/sitio\/","name":"Cosmenales Laboratorio de Cosm\u00e9ticos Internacionales","description":"Empresa con 21 a\u00f1os de experiencia en la fabricaci\u00f3n y Comercializaci\u00f3n de Productos Cosm\u00e9ticos.","publisher":{"@id":"https:\/\/cosmenales.com\/sitio\/#organization"},"alternateName":"cosmenales","potentialAction":[{"@type":"SearchAction","target":{"@type":"EntryPoint","urlTemplate":"https:\/\/cosmenales.com\/sitio\/?s={search_term_string}"},"query-input":{"@type":"PropertyValueSpecification","valueRequired":true,"valueName":"search_term_string"}}],"inLanguage":"es"},{"@type":"Organization","@id":"https:\/\/cosmenales.com\/sitio\/#organization","name":"Cosmenales Laboratorio de Cosm\u00e9ticos Internacionales","url":"https:\/\/cosmenales.com\/sitio\/","logo":{"@type":"ImageObject","inLanguage":"es","@id":"https:\/\/cosmenales.com\/sitio\/#\/schema\/logo\/image\/","url":"https:\/\/cosmenales.com\/sitio\/wp-content\/uploads\/2026\/03\/cropped-logo-cosmenales-horizontal_Mesa-de-trabajo-1.png","contentUrl":"https:\/\/cosmenales.com\/sitio\/wp-content\/uploads\/2026\/03\/cropped-logo-cosmenales-horizontal_Mesa-de-trabajo-1.png","width":375,"height":125,"caption":"Cosmenales Laboratorio de Cosm\u00e9ticos Internacionales"},"image":{"@id":"https:\/\/cosmenales.com\/sitio\/#\/schema\/logo\/image\/"}}]}},"uagb_featured_image_src":{"full":["https:\/\/cosmenales.com\/sitio\/wp-content\/uploads\/2025\/11\/laca-negra-hombre-nuevo-scaled.png",1707,2560,false],"thumbnail":["https:\/\/cosmenales.com\/sitio\/wp-content\/uploads\/2025\/11\/laca-negra-hombre-nuevo-150x150.png",150,150,true],"medium":["https:\/\/cosmenales.com\/sitio\/wp-content\/uploads\/2025\/11\/laca-negra-hombre-nuevo-200x300.png",200,300,true],"medium_large":["https:\/\/cosmenales.com\/sitio\/wp-content\/uploads\/2025\/11\/laca-negra-hombre-nuevo-768x1152.png",768,1152,true],"large":["https:\/\/cosmenales.com\/sitio\/wp-content\/uploads\/2025\/11\/laca-negra-hombre-nuevo-683x1024.png",683,1024,true],"1536x1536":["https:\/\/cosmenales.com\/sitio\/wp-content\/uploads\/2025\/11\/laca-negra-hombre-nuevo-1024x1536.png",1024,1536,true],"2048x2048":["https:\/\/cosmenales.com\/sitio\/wp-content\/uploads\/2025\/11\/laca-negra-hombre-nuevo-1365x2048.png",1365,2048,true],"woocommerce_thumbnail":["https:\/\/cosmenales.com\/sitio\/wp-content\/uploads\/2025\/11\/laca-negra-hombre-nuevo-300x225.png",300,225,true],"woocommerce_single":["https:\/\/cosmenales.com\/sitio\/wp-content\/uploads\/2025\/11\/laca-negra-hombre-nuevo-600x900.png",600,900,true],"woocommerce_gallery_thumbnail":["https:\/\/cosmenales.com\/sitio\/wp-content\/uploads\/2025\/11\/laca-negra-hombre-nuevo-100x100.png",100,100,true],"variation_swatches_image_size":["https:\/\/cosmenales.com\/sitio\/wp-content\/uploads\/2025\/11\/laca-negra-hombre-nuevo-scaled.png",33,50,false],"variation_swatches_tooltip_size":["https:\/\/cosmenales.com\/sitio\/wp-content\/uploads\/2025\/11\/laca-negra-hombre-nuevo-scaled.png",67,100,false]},"uagb_author_info":{"display_name":"ecommerce","author_link":"https:\/\/cosmenales.com\/sitio\/author\/"},"uagb_comment_info":0,"uagb_excerpt":"Fijador Profesional Extrafuerte HOM For Men \u2013 Fijaci\u00f3n 03 120 ml | Con Pantenol | Brillo natural | Secado r\u00e1pido \u00a1Dale poder, firmeza y estilo a tu look durante todo el d\u00eda!Nuestra Laca Profesional Extrafuerte HOM For Men est\u00e1 desarrollada para quienes necesitan una fijaci\u00f3n resistente, acabado limpio y una apariencia impecable en todo momento.&hellip;","jetpack_sharing_enabled":true,"brands":[],"publishpress_future_workflow_manual_trigger":{"enabledWorkflows":[]},"_links":{"self":[{"href":"https:\/\/cosmenales.com\/sitio\/wp-json\/wp\/v2\/product\/7301","targetHints":{"allow":["GET"]}}],"collection":[{"href":"https:\/\/cosmenales.com\/sitio\/wp-json\/wp\/v2\/product"}],"about":[{"href":"https:\/\/cosmenales.com\/sitio\/wp-json\/wp\/v2\/types\/product"}],"wp:featuredmedia":[{"embeddable":true,"href":"https:\/\/cosmenales.com\/sitio\/wp-json\/wp\/v2\/media\/7304"}],"wp:attachment":[{"href":"https:\/\/cosmenales.com\/sitio\/wp-json\/wp\/v2\/media?parent=7301"}],"wp:term":[{"taxonomy":"pwb-brand","embeddable":true,"href":"https:\/\/cosmenales.com\/sitio\/wp-json\/wp\/v2\/pwb-brand?post=7301"},{"taxonomy":"product_brand","embeddable":true,"href":"https:\/\/cosmenales.com\/sitio\/wp-json\/wp\/v2\/product_brand?post=7301"},{"taxonomy":"product_cat","embeddable":true,"href":"https:\/\/cosmenales.com\/sitio\/wp-json\/wp\/v2\/product_cat?post=7301"},{"taxonomy":"product_tag","embeddable":true,"href":"https:\/\/cosmenales.com\/sitio\/wp-json\/wp\/v2\/product_tag?post=7301"}],"curies":[{"name":"wp","href":"https:\/\/api.w.org\/{rel}","templated":true}]}}